 the remainder when 81 is divided by y(-4)?
13
Calculate the remainder when 93 is divided by ((-16)/10)/((-203)/(-35) + -6).
5
Let g(c) = -c**3 - 5*c**2 - 9*c - 10. What is the remainder when g(-7) is divided by 26?
21
Let s = 54 + 131. Let b = -150 + s. Suppose 2*w + 49 - 255 = 0. What is the remainder when w is divided by b?
33
Let h = -6 - -9. Suppose -h*v + 4*v = 8. Calculate the remainder when 48/36*(-66)/(-4) is divided by v.
6
Let l(c) be the second derivative of 2*c**3/3 - 5*c**2 + c. Let k be l(3). Suppose -y = -k*y + 13. Calculate the remainder when 38 is divided by y.
12
Let x(v) = 7*v**3 - v + 1. Let d be x(1). Let l = -39 + 33. Calculate the remainder when 13 is divided by (d + -8)*(1 + l).
3
Suppose -5*j = 5*s - 215 - 45, s - 166 = -3*j. What is the remainder when 340 is divided by j?
55
Calculate the remainder when (((-1632)/(-20))/(-6))/((-8)/80) is divided by 37.
25
Suppose -q = -147 + 35. What is the remainder when 363 is divided by q?
27
Let p be -4*(-1 + 4)*62/(-8). Suppose -p*q + 88*q + 65 = 0. Let d(u) = u**3 + 7*u**2 + 4*u - 5. What is the remainder when d(-5) is divided by q?
12
Suppose 5171 - 1956 = 5*j. Suppose 21*q = j - 97. Calculate the remainder when 126 is divided by q.
22
Let j(c) = 5*c**2 - 3 + 0 + 4*c + 3*c**2 + 2*c**3 - c**2. Let u be j(-4). What is the remainder when 14/u + 74/10 is divided by 4?
3
Suppose -34*z - 237 = -37*z. Suppose 0 = -7*u + 779 - z. What is the remainder when u is divided by 51?
49
Let f = 147 + -101. Let x = f + -41. What is the remainder when 7 is divided by x?
2
Suppose -2 = -b, 2*b = 23*w - 22*w - 42. Calculate the remainder when 133 is divided by w.
41
Let f(v) = -2*v + 21. Let z be f(10). Suppose 3*u - 2 = 5*c + 3, -10 = -2*c. What is the remainder when u is divided by ((z - -39)/(-5))/(-1)?
2
Suppose -5*v + 4*j + 63 = -0*j, -3*v + 3*j + 36 = 0. Let x = 7 + v. What is the remainder when -1*(0 + 4)*-16 is divided by x?
20
Let w(h) = -3*h - 8. Let t be w(-6). Suppose 0 = -11*l + 9*l + t. Let n = 27 + -23. Calculate the remainder when l is divided by n.
1
Let d(p) = 3*p - 12. Suppose 2*h + 0 = 4. Suppose 0 = h*i - i - 3. What is the remainder when d(5) is divided by i?
0
Suppose -2*s = s - 5*g, -2*s + 5*g = 0. Suppose s = -19*z + 20*z - 5. What is the remainder when 6 is divided by z?
1
Let f = 267 + -223. What is the remainder when f is divided by 11?
0
Let v(p) = -p**2 + p + 75. What is the remainder when 18 is divided by v(9)?
0
Let f = -694 - -723. Calculate the remainder when 99 is divided by f.
12
Suppose -3888 = -48*j + 39*j. What is the remainder when j is divided by 23?
18
Suppose 52*a - 16 - 14 = 22. What is the remainder when 6*(10/3 - 2) is divided by a?
0
Let t(v) = 12*v - 4. Let z be t(2). Suppose -4*x = -36 - z. What is the remainder when 96 is divided by x?
12
Let f be 3 + 0 - 1 - 12. Suppose d = x + 17, -d - d + 3*x = -38. Calculate the remainder when f/((-2)/(-20)*-4) is divided by d.
12
Let r(z) = z**3 - 33*z**2 + 35*z + 2. Calculate the remainder when r(32) is divided by 25.
23
Suppose -5*n + 11 + 9 = 0. Suppose 0 = -n*a - 3*z + 12, -4 = 3*a - z - 0*z. What is the remainder when 65 is divided by 34/((3 - a) + -1)?
14
Suppose 2*t = -10, -5*t - 16 = v - t. Suppose -v*y + 7*y - 9 = 0. What is the remainder when 6 is divided by y?
0
Let l be 418/(-10) + -7 + (-170)/(-25). Let g = 52 + l. What is the remainder when 23 is divided by g?
3
Suppose 5*t - 2*l = 926, -t = -2*l - 2*l - 196. Let o = t + -110. What is the remainder when o is divided by 25?
24
Suppose v - 237 = -t - 232, -5*v = -t - 31. What is the remainder when 308 is divided by v?
2
Suppose v - 1 = q, -q + 21 = 3*v + 6. Let x be 17/68 - (-475)/v. Suppose 0 = -2*m - 4*z + x - 31, -z = 5*m - 175. What is the remainder when m is divided by 9?
7
Let k = -215 - -234. What is the remainder when 50 is divided by k?
12
Suppose -3*y + 28 = -2*y - 2*r, -4*r - 12 = 0. Let p be -11*3/(3/(-4)). What is the remainder when -7 + 5 - p/(-1) is divided by y?
20
What is the remainder when 86 - -5 - (0 + -5 + 2) is divided by 10?
4
Let p(m) = 2*m - 23. Let v be p(13). Calculate the remainder when 35 is divided by (-57 + (-9)/(-3))*(-1)/v.
17
Suppose -6 = -6*c + 12. Suppose -o + 185 = 5*m - c*o, -2*o = 0. Calculate the remainder when m is divided by 10.
7
Suppose p + r - 86 = -r, 2*p - 5*r = 172. Suppose -26 - p = -4*v. Calculate the remainder when 81 is divided by v.
25
Let a(b) = -65*b**2 + 134*b - 5. Let p be a(2). Suppose 4*k - 333 = -125. Suppose -p*g + k = -11. What is the remainder when g is divided by 13?
8
Suppose -d - 94 + 371 = 0. Let f = 545 - 489. Calculate the remainder when d is divided by f.
53
Suppose 27 + 17 = -4*k. Let p = 11 + k. Suppose p = -2*l - l + 18. What is the remainder when 16 is divided by l?
4
Suppose 5*i - 82 = 8. Suppose 5*a - 1 = 5*q - 6, -3*q - i = 4*a. What is the remainder when 5 is divided by (-3)/q*40/12?
0
Let b = 24 + -21. Suppose 2*l + b*z = 4*l - 97, -2*z = -4*l + 174. What is the remainder when l is divided by 21?
20
Let d(m) = -20*m - 71. What is the remainder when 340 is divided by d(-6)?
46
Let x(o) = -o**3 + 11*o**2 + 2*o - 16. Let b be x(11). Let g be 3/3 + 1 + 0. Suppose -4*s = -g*s - b. What is the remainder when s is divided by 1?
0
Calculate the remainder when 37 is divided by 245/30 + (-15)/(-18).
1
Let k be (-111 - -1) + ((-4)/(-2) - -1). Let o = -90 - k. What is the remainder when 78 is divided by o?
10
Suppose -33*d + 12*d + 4788 = 0. Calculate the remainder when d is divided by 77.
74
Let g(q) = -q**3 + 10*q**2 + 3*q - 9. Let d be 12/36 + 58/6. What is the remainder when g(d) is divided by 12?
9
Suppose 2*j - 2 = 0, b + 196 = -3*j - 49. Let c = b + 264. Suppose -43 = -4*n + 201. Calculate the remainder when n is divided by c.
13
Let i be (26/6 + -3)*102. Suppose -4*r + i = -0*r. Suppose 2*z - r = -14. Calculate the remainder when z is divided by 4.
2
Let x = 50 + -34. Suppose -18*l + 640 = -80 - 108. Calculate the remainder when l is divided by x.
14
Let r(b) = -b**3 + b - 203. Let s be r(0). What is the remainder when (s + -2)*10/(-50) is divided by 22?
19
Let a = 14 - 7. Suppose 5*z - 6 = a*z. Let h = 16 + z. Calculate the remainder when 25 is divided by h.
12
What is the remainder when ((23 - 20) + (-38)/10)*-890 is divided by 21?
19
Suppose 3*y = 6*y - 57. Suppose -2*j = y - 45. What is the remainder when 36 is divided by j?
10
Suppose 4*d = -d - 10. Suppose -6*r = 37*r - 774. What is the remainder when r is divided by (-11)/d + 3/(-6)?
3
Suppose 3*o - 5*o = a - 160, 5*a = 2*o - 184. What is the remainder when o is divided by (-24 + 3)*4/(-3)?
26
Suppose 12 = -4*x, 5*n + 3*x = n + 11. Suppose -2*v = -n*v - 15, 0 = -4*z + 4*v + 344. What is the remainder when z is divided by 12?
9
Let m(v) = -5*v - 8. Suppose 1327*j = 1323*j + 724. Calculate the remainder when j is divided by m(-9).
33
Let h(w) = 2*w**3 - 4*w**2 - 2*w + 407. What is the remainder when h(0) is divided by 41?
38
Let y = 264 + -229. Calculate the remainder when 104 is divided by y.
34
Suppose -34*v = -30*v - 88. Let c = 40 - v. Calculate the remainder when c is divided by 7.
4
Let g(n) = n**3 - 2*n**2 - 7*n - 1. Suppose -5*l + 92 = -i - 285, 5*l = 2*i + 374. What is the remainder when l is divided by g(5)?
37
Suppose -8*g = -3*c - 11*g + 261, -3*c = g - 269. What is the remainder when c is divided by 31?
29
Suppose 72*b - 93*b + 47 = -121. Suppose 0 = 5*q - 0*q - 15. Calculate the remainder when b is divided by q.
2
Suppose -4*u + 836 = 15*u. What is the remainder when 85 is divided by u?
41
Suppose 2*d - 5 = 3. Let r be (d + -5)/((-1)/4). Suppose 0 = -8*l + 3*l - r*k + 140, -2*k = -4*l + 86. Calculate the remainder when 71 is divided by l.
23
Let j be (0 + 3/4)*(-8 + -4). Let h = 50 - j. Calculate the remainder when h is divided by 1/(2/62 - 0).
28
Suppose 0 = 30*q - 5714 + 1694. What is the remainder when q is divided by 37?
23
Let o = -12 + 11. Let g be o/4 + (-2)/(-8). Suppose t - 2*m + 17 = 2*t, g = -5*t - 2*m + 85. What is the remainder when t is divided by 9?
8
Suppose 1099 + 1133 = 12*a. Calculate the remainder when a is divided by 7.
4
What is the remainder when -14 - -12 - (-1 + -107) is divided by 9?
7
Let b = 1258 + -837. Calculate the remainder when b is divided by 82.
11
Let h(f) = -23*f